True
Is 733 a multiple of 49?
False
Does 107 divide 70897?
False
Is 4 a factor of 11372?
True
Is 18 a factor of 4236?
False
Does 43 divide 21490?
False
Does 30 divide 5130?
True
Does 430 divide 72240?
True
Does 2 divide 104?
True
Is 34 a factor of 7953?
False
Is 454 a multiple of 54?
False
Does 5 divide 4210?
True
Does 7 divide 4018?
True
Is 11270 a multiple of 70?
True
Does 18 divide 2430?
True
Does 26 divide 15470?
True
Is 2898 a multiple of 46?
True
Is 414 a multiple of 18?
True
Is 32616 a multiple of 12?
True
Does 71 divide 1341?
False
Is 19 a factor of 10583?
True
Does 54 divide 5238?
True
Is 539 a multiple of 101?
False
Is 11 a factor of 1122?
True
Does 17 divide 6273?
True
Is 4 a factor of 11048?
True
Is 1794 a multiple of 39?
True
Is 380 a multiple of 20?
True
Is 7087 a multiple of 19?
True
Is 77 a factor of 38253?
False
Is 2 a factor of 112?
True
Is 32060 a multiple of 14?
True
Is 18 a factor of 144?
True
Is 35 a factor of 11270?
True
Is 692 a multiple of 173?
True
Is 69408 a multiple of 96?
True
Is 1104 a multiple of 16?
True
Is 222 a multiple of 3?
True
Is 502 a factor of 90360?
True
Is 155 a multiple of 27?
False
Is 60 a factor of 15000?
True
Is 107 a multiple of 37?
False
Is 8472 a multiple of 24?
True
Does 55 divide 1216?
False
Is 204 even?
True
Is 575 a multiple of 23?
True
Is 3921 a multiple of 15?
False
Is 350 a multiple of 48?
False
Is 7594 a multiple of 22?
False
Does 102 divide 14606?
False
Does 22 divide 110?
True
Is 16 a factor of 336?
True
Is 59 a factor of 6962?
True
Is 3147 a multiple of 4?
False
Is 11206 a multiple of 48?
False
Is 98 a multiple of 3?
False
Is 4554 a multiple of 22?
True
Does 93 divide 1395?
True
Is 172 a factor of 47988?
True
Is 372 a multiple of 48?
False
Is 5787 a multiple of 12?
False
Is 49815 a multiple of 28?
False
Does 12 divide 42?
False
Does 28 divide 6832?
True
Does 36 divide 3976?
False
Is 9 a factor of 1031?
False
Is 437 a multiple of 19?
True
Is 1335 a multiple of 137?
False
Is 11 a factor of 3976?
False
Is 6 a factor of 1404?
True
Is 15 a factor of 2520?
True
Does 37 divide 8048?
False
Is 24090 a multiple of 17?
False
Does 21 divide 3360?
True
Is 67 a factor of 3459?
False
Does 18 divide 1134?
True
Is 12 a factor of 2808?
True
Is 13 a factor of 13728?
True
Is 18 a factor of 1524?
False
Does 72 divide 8769?
False
Is 1540 a multiple of 136?
False
Is 7680 a multiple of 80?
True
Does 9 divide 318?
False
Is 135 a multiple of 2?
False
Is 29700 a multiple of 100?
True
Does 20 divide 71?
False
Is 4840 a multiple of 55?
True
Is 462 a multiple of 33?
True
Is 15800 a multiple of 40?
True
Is 1900 a multiple of 19?
True
Does 12 divide 1920?
True
Is 134 a factor of 53306?
False
Does 14 divide 107?
False
Does 30 divide 890?
False
Does 71 divide 904?
False
Is 59700 a multiple of 10?
True
Is 52 a factor of 28080?
True
Is 31 a factor of 186?
True
Is 2032 a multiple of 16?
True
Is 12168 a multiple of 72?
True
Does 33 divide 549?
False
Is 5956 a multiple of 208?
False
Is 15 a factor of 2657?
False
Does 11 divide 297?
True
Is 11 a factor of 2105?
False
Is 361 a factor of 10108?
True
Is 609 a multiple of 30?
False
Is 23654 a multiple of 132?
False
Is 3240 a multiple of 24?
True
Is 52 a factor of 5175?
False
Does 25 divide 2150?
True
Does 4 divide 744?
True
Is 17 a factor of 1479?
True
Does 114 divide 2394?
True
Does 41 divide 328?
True
Does 13 divide 624?
True
Does 87 divide 10946?
False
Is 972 a multiple of 33?
False
Does 4 divide 112?
True
Does 11 divide 506?
True
Is 40 a factor of 680?
True
Is 488 a multiple of 21?
False
Is 5847 a multiple of 9?
False
Is 16 a factor of 67340?
False
Is 86 a factor of 21185?
False
Does 156 divide 4212?
True
Is 2875 a multiple of 11?
False
Is 899 a multiple of 29?
True
Is 260 a multiple of 10?
True
Is 1040 a multiple of 10?
True
Is 2 a factor of 188?
True
Is 469 a multiple of 3?
False
Does 11 divide 17718?
False
Is 37523 a multiple of 157?
True
Does 24 divide 72?
True
Does 342 divide 117807?
False
Is 2860 a multiple of 9?
False
Is 55468 a multiple of 14?
True
Is 1746 a multiple of 3?
True
Does 2 divide 233?
False
Does 3 divide 1368?
True
Does 30 divide 780?
True
Is 653 a multiple of 31?
False
Does 12 divide 275?
False
Does 43 divide 44290?
True
Is 16 a factor of 4638?
False
Is 1143 even?
False
Is 18 a factor of 1404?
True
Is 192 a factor of 53568?
True
Is 18 a factor of 5006?
False
Does 55 divide 30140?
True
Is 1751 a multiple of 74?
False
Is 7 a factor of 891?
False
Is 1113 a multiple of 20?
False
Does 56 divide 370?
False
Is 41371 a multiple of 44?
False
Is 22106 a multiple of 7?
True
Is 19800 a multiple of 120?
True
Is 1445 a multiple of 53?
False
Is 3 a factor of 3158?
False
Does 19 divide 349?
False
Is 5 a factor of 159?
False
Is 21 a factor of 11445?
True
Does 17 divide 1292?
True
Does 13 divide 4734?
False
Is 102 a multiple of 15?
False
Is 45 a multiple of 15?
True
Is 3347 a multiple of 10?
False
Is 64 a factor of 25280?
True
Is 20 a factor of 20930?
False
Does 11 divide 2551?
False
Is 23 a factor of 805?
True
Is 89 a factor of 21047?
False
Is 10572 a multiple of 35?
False
Is 168 a multiple of 8?
True
Is 790 a multiple of 69?
False
Does 5 divide 35?
True
Does 14 divide 1203?
False
Is 5205 a multiple of 5?
True
Is 3568 a multiple of 72?
False
Is 3943 a multiple of 24?
False
Is 44570 a multiple of 108?
False
Is 1045 a multiple of 2?
False
Does 42 divide 8501?
False
Is 4395 a multiple of 15?
True
Does 139 divide 9313?
True
Does 20 divide 3402?
False
Is 710 a multiple of 71?
True
Does 60 divide 300?
True
Is 30 a factor of 1625?
False
Is 4761 a multiple of 23?
True
Is 937 a multiple of 4?
False
Is 1978 a multiple of 14?
False
Is 63779 a multiple of 59?
True
Is 622 a multiple of 20?
False
Is 6156 a multiple of 18?
True
Is 810 a multiple of 54?
True
Is 9018 a multiple of 5?
False
Is 3 a factor of 37?
False
Does 79 divide 8104?
False
Does 97 divide 99174?
False
Is 18229 a multiple of 6?
False
Does 63 divide 441?
True
Is 1312 a multiple of 41?
True
Does 94 divide 6016?
True
Is 8 a factor of 96?
True
Does 100 divide 10450?
False
Is 5515 a multiple of 6?
False
Is 21900 a multiple of 146?
True
Is 44096 a multiple of 212?
True
Is 36150 a multiple of 50?
True
Is 59 a factor of 1710?
False
Is 10 a factor of 842?
False
Does 6 divide 360?
True
Is 11 a factor of 8562?
False
Is 1184 a multiple of 10?
False
Is 26700 a multiple of 12?
True
Does 35 divide 3173?
False
Does 9 divide 1966?
False
Is 6977 a multiple of 26?
False
Is 676 a multiple of 20?
False
Is 10 a factor of 5210?
True
Does 12 divide 12972?
True
Is 4670 a multiple of 5?
True
Is 156 a factor of 95264?
False
Is 196 a factor of 22932?
True
Does 7 divide 3848?
False
Is 2202 a multiple of 47?
False
Is 47 a factor of 1363?
True
Is 18 a factor of 14349?
False
Does 14 divide 100051?
False
Is 3135 a multiple of 5?
True
Is 8145 a multiple of 181?
True
Is 1306 a multiple of 54?
False
Is 29 a factor of 2958?
True
Is 11550 a multiple of 66?
True
Is 5 a factor of 1315?
True
Is 11 a factor of 693?
True
Is 2137 a multiple of 5?
False
Is 4 a factor of 302?
False
Is 18874 a multiple of 23?
False
Does 5 divide 5922?
False
Does 11 divide 1305?
False
Is 63474 a multiple of 9?
False
Is 4565 a multiple of 2?
False
Is 9 a factor of 1350?
True
Is 38 a factor of 3496?
True
Does 36 divide 10188?
True
Is 102 a factor of 1632?
True
Is 88 a factor of 792?
True
Does 9 divide 1287?
True
Is 12 a factor of 17550?
False
Does 90 divide 6197?
False
Does 24 divide 63360?
True
Is 20 a factor of 2840?
True
Is 6 a factor of 138?
True
Does 36 divide 4752?
True
Is 2132 a multiple of 3?
False
Is 35 a factor of 242?
False
Is 18027 a multiple of 16?
False
Is 32205 a multiple of 17?
False
Is 13 a factor of 2208?
False
Is 1794 a multiple of 39?
True
Is 610 a multiple of 48?
False
Is 16 a factor of 49?
False
Is 37 a factor of 814?
True
Is 15 a factor of 11217?
False
Is 49 a factor of 11707?
False
Is 10 a factor of 11385?
False
Is 8 a factor of 104?
True
Is 1296 a multiple of 27?
True
Does 10 divide 610?
True
Is 717 a multiple of 24?
False
Is 5563 a multiple of 28?
False
Does 6 divide 534?
True
Is 10 a factor of 6340?
True
Is 140 a multiple of 10?
True
Is 9 a factor of 594?
True
Is 21 a factor of 1214?
False
Is 3 a factor of 10713?
True
Is 16 a factor of 4381?
False
Is 86